).
42
Suppose 7*l = 4*i + 11*l - 96, -78 = -3*i - l. Suppose 3*r - c - i - 27 = 0, -5*c = -r + 4. What is the remainder when 264 is divided by r?
17
Let m = 79 - 27. Suppose 165*r - 164*r = 4*x - 26, -4*x = r - 14. What is the remainder when m is divided by x?
2
What is the remainder when 1770/20*(-1456)/(-12) is divided by 131?
127
Let q(l) = 8*l**2 - 6*l + 3. Let s(t) = 2*t + 8. Let x be s(-5). Let d(r) = 2*r**2 + 2*r - 1. Let y be d(x). Calculate the remainder when q(y) is divided by 12.
9
Suppose 21*x - 16*x + 5*v = 105, v = -4*x + 72. Calculate the remainder when 166 is divided by x.
13
Suppose 2260 = -10*w + 2320. Let n = -28 + 57. Calculate the remainder when n is divided by w.
5
Calculate the remainder when 339 is divided by ((-12)/(-15))/(28/(-10)) + 1744/28.
29
Suppose 0 = 3*j + 747 + 981. Let l = j + 597. Calculate the remainder when 227 is divided by l.
17
Let g be 1411/(-332)*(-2 + -1 - (1 - 0)). Let k = 286 + -166. Suppose 12*r + k = g*r. What is the remainder when 92 is divided by r?
20
Let b be 1/((-1)/(-203)*(6 - 5)). Suppose -307 = -3*q + b. Calculate the remainder when q is divided by 37.
22
Suppose -4*k - 210 = 2*l, 3*l - 38 = 4*k + 167. Let q = k - -72. Calculate the remainder when 5 + -2 + -2 + 57 is divided by q.
18
Let x = 467 - 410. Let r(v) = -7 - 6*v + 5*v**3 - 4*v**3 + 27*v**2 + 0*v**3 - 31*v**2. Calculate the remainder when x is divided by r(6).
28
Suppose -3*h + 46 + 26 = 0. Let f(n) = 7*n - 25. Let z be f(4). Suppose -z*v = -72 - h. Calculate the remainder when v is divided by 12.
8
Let u(z) = -101*z + 432. What is the remainder when 192 is divided by u(4)?
24
Let k(w) = -2*w**2 - 26*w + 9. What is the remainder when 194 is divided by k(-11)?
35
Suppose 2*i = 71 - 11. What is the remainder when i is divided by 8/3 - 5936/(-1113)?
6
Let v = -16 - -19. Let w(k) = 24 - 13*k**3 - 15*k**2 - 7*k**2 + 12*k**3 - v - k. Calculate the remainder when 170 is divided by w(-22).
41
Let q(l) = -l**2 + l + 7. Let n be q(-2). Calculate the remainder when -1*744/(-48)*(n + 5) is divided by 12.
9
Suppose 4*r - 21 + 13 = 0. Suppose -2*n = -5*v - 3, 2*v + 1 = -n - r. What is the remainder when 63 is divided by ((-28)/(-8) + -4)*(n + -67)?
29
Suppose 0 = 4*t - 25 - 47. Suppose 16*f = t*f - 96. What is the remainder when 526 is divided by f?
46
Suppose 2*w = -4*c - 293 - 21, c - 2*w + 66 = 0. Let j = -2410 + 2491. Let n = c + j. What is the remainder when 47 is divided by n?
2
What is the remainder when 6915 is divided by (-15)/21 + 1320/35?
33
Let j(k) = 1745*k - 18791. What is the remainder when j(11) is divided by 3?
2
Let y = -2878 + 3206. What is the remainder when y is divided by 55?
53
Let b = 2205 - 2146. Calculate the remainder when b is divided by ((-126)/15)/((-2)/5).
17
Let w(b) = -b**3 + 10 + 2*b**2 + 4*b**2 - 6*b + 3 + 2*b**3. What is the remainder when 142 is divided by w(-7)?
4
Let x = -158 + 160. Suppose i = -2*c + 266, 0 = -0*c + x*c - 4. What is the remainder when i is divided by 33?
31
Let s(q) = 853*q - 5573. Calculate the remainder when s(8) is divided by 146.
83
Suppose -4*a - s - 1028 = -4316, -2*a = -6*s - 1644. Calculate the remainder when a is divided by 55.
52
Suppose 3*d = -2*w + 4*d + 7, -w - 2*d + 6 = 0. Suppose 0 = -3*u - 3*f + 48, w*f = -5*u + 51 + 30. Calculate the remainder when 134 is divided by u.
15
Suppose 58*m - 8149 = -223*m. What is the remainder when 692 is divided by m?
25
Let b(d) = -d**2 - d + 1128. What is the remainder when 944 is divided by b(31)?
128
Let u = -5 - -32. Suppose o + 18 = 2*b, -3*b = -6*b + 2*o + u. Suppose 12*s - 48 = b*s. What is the remainder when s is divided by 13?
3
Calculate the remainder when 3 + 42/(-15) - ((-3279)/5 + 12) is divided by 43.
42
Suppose -j = -9*j - 112. Let u(z) = z**3 + 13*z**2 - 19*z - 48. Suppose -b - 5*h + 101 = -h, 16 = 4*h. Calculate the remainder when b is divided by u(j).
19
Suppose 0 = -68*q + 7475 + 15577. Calculate the remainder when q is divided by 49.
45
Suppose -222 + 214 = -2*k. Suppose -k*v - 7*i + 11 = -6*i, -2*v + 4*i + 28 = 0. What is the remainder when 49 is divided by v?
1
Let y be (-3*382/(-18))/(7/21). Let v = y + -125. Let t = -30 + v. Calculate the remainder when 104 is divided by t.
32
Let d = -43 + 73. Suppose -35*m = -142*m + 2435 - 402. What is the remainder when d is divided by m?
11
Let r = -310 + 565. Let o = r - 242. Calculate the remainder when ((-94)/8)/(3/(-12)) is divided by o.
8
Suppose 4*c + 21 = h - 6, -4*h - 2*c + 144 = 0. Let r(y) = -y**3 + 36*y**2 - 31*y - 44. Calculate the remainder when r(h) is divided by 27.
15
Let u = 203 - 96. Suppose -16*g + 85 = -11. What is the remainder when u is divided by g?
5
Let s(z) = z**3 - 53*z**2 - 1372*z + 36. What is the remainder when 17915 is divided by s(-19)?
107
What is the remainder when 198 is divided by ((-124)/(-20) - 8)/((-24)/680)?
45
Suppose -601 = -3*m - 4. Suppose -2114*q - 15867 = -2501*q. What is the remainder when m is divided by q?
35
Let i(q) = -19*q - 306. Let u be i(-14). What is the remainder when ((-332)/(-415))/(1/u*-1) is divided by 7?
4
Suppose 0 = -6*b + 50 - 14. Suppose b*l - 228 = -3906. Calculate the remainder when 16/(-96) - -1*l/(-6) is divided by 26.
24
Let w(s) = -3*s**2 - 60*s + 50. Let i be w(-21). Let d(l) = -2*l**3 - 26*l**2 - 7*l - 17. What is the remainder when d(i) is divided by 16?
10
Let d(f) = 3*f**3 + 4*f**2 - 89*f + 228. What is the remainder when d(7) is divided by 82?
10
Suppose 6258 - 978 = 8*u. Suppose 5*o = -5*x + u, 2*o + 69 - 324 = x. Calculate the remainder when o is divided by 26.
25
Let b(w) = -w**2 - 22*w - 38. Let c be b(-19). Let d(v) = -v**2 + 20*v - 5. Calculate the remainder when 41 is divided by d(c).
13
What is the remainder when 63/(39/3 + 49 + -61) is divided by 8?
7
Let t(m) = -m**2 - 13*m + 26. Let n be t(-15). Let w(c) = 5*c + 44. Calculate the remainder when 138 is divided by w(n).
18
Let x be (-5007)/(-12) - ((-2)/(-8))/1. Let f(m) = 152*m**2 - m. Let d be f(-1). Suppose -5*v + d = -x. What is the remainder when v is divided by 29?
27
Suppose 0*q - 21 = -3*q. Suppose 2*t + 39 = 3*o - 14, -3*t + 63 = 3*o. Calculate the remainder when o is divided by q.
5
Suppose 0 = -10*j + 211 + 4519. Calculate the remainder when j is divided by 148.
29
Let q = 43 + -3. What is the remainder when 28365/976*128/24 is divided by q?
35
Let q(r) = r**2 + 60*r + 791. Suppose 0 = 6*o - o - 2*a + 42, 54 = -5*o - a. Let y = 28 + o. Calculate the remainder when q(-17) is divided by y.
6
Let w(x) = 16*x + 1070. Calculate the remainder when w(-39) is divided by 213.
20
Suppose 0 = -67*d - 107*d + 1044. Let q = 18 + -41. Calculate the remainder when d*4/(-8) - q is divided by 6.
2
Let x(v) be the second derivative of v**4/12 + 3*v**2/2 - 25*v. Let o(g) = g**3 - 16*g**2 + 3*g - 15. Calculate the remainder when o(16) is divided by x(-2).
5
Let v be (-1)/(1*-1) - 912/(-24). Suppose -6*j + 285 + v = 0. What is the remainder when j is divided by 7?
5
Let c = -4 + -1. Let t(k) = -k**3 - 5*k**2 - 2*k - 4. Suppose 2*r = -5*o + 131, 5*o = -4*r + 498 - 371. Calculate the remainder when o is divided by t(c).
3
Let a = -2342 + 2375. Calculate the remainder when (-1054)/(-8)*2 - 1/2 is divided by a.
32
Suppose i - 142 = -3*o, 5*o - i = 3*i + 248. Let h = o - 11. What is the remainder when h is divided by -1*(48/(-3) - 3)?
18
Let x(j) = -j**3 - 9*j**2 - 11*j + 1. Let m be x(-8). Let n = 45 - m. Let b(k) = -43*k**2 + 1289*k + 105. What is the remainder when b(30) is divided by n?
15
Suppose -4*g - 240 = 6*g. Let n be ((-126)/28)/(2/g - 0). Suppose -4*i + 30 = 5*p - 42, -5*p = -3*i + n. What is the remainder when i is divided by 7?
4
Suppose 0 = 8*f + 35 + 117. Let a = f + 28. What is the remainder when a is divided by (0 - -1)*(0 + 3)?
0
Let y = 12494 - 10934. Calculate the remainder when y is divided by 58.
52
Let v = -20 - -50. Calculate the remainder when v is divided by ((-252)/(-144))/(2/8).
2
Let u(p) = 2*p**3 - 5*p**2 + 3*p + 1. Suppose 87*d - 1651 - 984 = 932. Calculate the remainder when d is divided by u(3).
3
Suppose -4702 = 16*s - 41*s - 702. What is the remainder when s is divided by 51?
7
Let h(t) = -12*t - 31. Let n be h(-3). Suppose 2*c - n = 2*m + m, -4*m = 4. Let g = 3 - 0. Calculate the remainder when g is divided by c.
0
